{"id":275,"date":"2025-08-21T09:22:42","date_gmt":"2025-08-21T09:22:42","guid":{"rendered":"http:\/\/www.modernperde.com.tr\/?page_id=275"},"modified":"2025-08-21T09:22:43","modified_gmt":"2025-08-21T09:22:43","slug":"tasarim","status":"publish","type":"page","link":"http:\/\/www.modernperde.com.tr\/index.php\/tasarim\/","title":{"rendered":"TASARIM"},"content":{"rendered":"\n<p><strong>\u00dccretsiz Ke\u015fif, Sunum, Tasar\u0131m ve Montaj Hizmetimiz&#8230;<\/strong><\/p>\n\n\n\n<p>Her proje, sizin kimli\u011finizi ve ya\u015fam tarz\u0131n\u0131z\u0131 yans\u0131tan bir imzad\u0131r. Biz de tasar\u0131mlar\u0131m\u0131z\u0131 tam bu noktada ki\u015fiselle\u015ftiriyoruz.<\/p>\n\n\n\n<ul class=\"wp-block-list\">\n<li>Size \u00f6zel, tek ve benzersiz mimari tasar\u0131mlar geli\u015ftiriyoruz.<\/li>\n\n\n\n<li>Esteti\u011fi i\u015flevsellikle bulu\u015fturuyor, global trendleri mek\u00e2n\u0131n\u0131za ta\u015f\u0131yoruz.<\/li>\n\n\n\n<li>Her detayda \u00f6zg\u00fcnl\u00fck, kalite ve ayr\u0131cal\u0131kl\u0131 bir atmosfer yarat\u0131yoruz.<\/li>\n<\/ul>\n\n\n\n<p>Sonu\u00e7, yaln\u0131zca bir tasar\u0131m de\u011fil; sizin i\u00e7in haz\u0131rlanm\u0131\u015f <strong>\u00f6zel bir sanat eseri<\/strong> olur.<\/p>\n\n\n\n<p><\/p>\n","protected":false},"excerpt":{"rendered":"<p>\u00dccretsiz Ke\u015fif, Sunum, Tasar\u0131m ve Montaj Hizmetimiz&#8230; Her proje, sizin kimli\u011finizi ve ya\u015fam tarz\u0131n\u0131z\u0131 yans\u0131tan bir imzad\u0131r. Biz de tasar\u0131mlar\u0131m\u0131z\u0131 tam bu noktada ki\u015fiselle\u015ftiriyoruz. Sonu\u00e7, yaln\u0131zca bir tasar\u0131m de\u011fil; sizin i\u00e7in haz\u0131rlanm\u0131\u015f \u00f6zel bir sanat eseri olur.<\/p>\n","protected":false},"author":1,"featured_media":0,"parent":0,"menu_order":0,"comment_status":"closed","ping_status":"closed","template":"","meta":{"footnotes":""},"class_list":["post-275","page","type-page","status-publish","hentry"],"_links":{"self":[{"href":"http:\/\/www.modernperde.com.tr\/index.php\/wp-json\/wp\/v2\/pages\/275","targetHints":{"allow":["GET"]}}],"collection":[{"href":"http:\/\/www.modernperde.com.tr\/index.php\/wp-json\/wp\/v2\/pages"}],"about":[{"href":"http:\/\/www.modernperde.com.tr\/index.php\/wp-json\/wp\/v2\/types\/page"}],"author":[{"embeddable":true,"href":"http:\/\/www.modernperde.com.tr\/index.php\/wp-json\/wp\/v2\/users\/1"}],"replies":[{"embeddable":true,"href":"http:\/\/www.modernperde.com.tr\/index.php\/wp-json\/wp\/v2\/comments?post=275"}],"version-history":[{"count":1,"href":"http:\/\/www.modernperde.com.tr\/index.php\/wp-json\/wp\/v2\/pages\/275\/revisions"}],"predecessor-version":[{"id":276,"href":"http:\/\/www.modernperde.com.tr\/index.php\/wp-json\/wp\/v2\/pages\/275\/revisions\/276"}],"wp:attachment":[{"href":"http:\/\/www.modernperde.com.tr\/index.php\/wp-json\/wp\/v2\/media?parent=275"}],"curies":[{"name":"wp","href":"https:\/\/api.w.org\/{rel}","templated":true}]}}