{"id":431,"date":"2025-08-27T20:29:17","date_gmt":"2025-08-27T20:29:17","guid":{"rendered":"http:\/\/www.modernperde.com.tr\/?page_id=431"},"modified":"2025-09-13T13:20:17","modified_gmt":"2025-09-13T13:20:17","slug":"duvar-kagidi","status":"publish","type":"page","link":"http:\/\/www.modernperde.com.tr\/index.php\/duvar-kagidi\/","title":{"rendered":"DUVAR KA\u011eIDI"},"content":{"rendered":"\n<p><strong>Duvar Ka\u011f\u0131d\u0131<\/strong>&#8230;<\/p>\n\n\n\n<p>Modern Perde olarak, perde sekt\u00f6r\u00fcndeki y\u0131llard\u0131r s\u00fcregelen tecr\u00fcbemizi art\u0131k duvar ka\u011f\u0131d\u0131 uygulamalar\u0131nda da sizlerle bulu\u015fturuyoruz. Mek\u00e2nlar\u0131n\u0131za sadece \u015f\u0131kl\u0131k de\u011fil, ayn\u0131 zamanda uzun \u00f6m\u00fcrl\u00fc bir kalite katmay\u0131 hedefliyoruz. Se\u00e7ti\u011fimiz duvar ka\u011f\u0131tlar\u0131, y\u00fcksek dayan\u0131kl\u0131l\u0131\u011fa sahip, solma yapmayan, kolay temizlenebilir ve sa\u011fl\u0131\u011fa zarars\u0131z malzemelerden \u00fcretilmektedir. Usta i\u015f\u00e7ili\u011fimizle birle\u015fen bu kaliteli malzemeler, duvarlar\u0131n\u0131za estetik bir dokunu\u015f kazand\u0131r\u0131rken ayn\u0131 zamanda ya\u015fam alanlar\u0131n\u0131z\u0131 modern, s\u0131cak ve karakter sahibi bir g\u00f6r\u00fcn\u00fcme kavu\u015fturuyor. Her detaya verdi\u011fimiz \u00f6nem ve titiz uygulama anlay\u0131\u015f\u0131m\u0131z sayesinde, sadece g\u00f6rsel bir g\u00fczellik de\u011fil, ayn\u0131 zamanda y\u0131llar boyunca ilk g\u00fcnk\u00fc gibi kalacak kusursuz bir sonu\u00e7 sunuyoruz. Modern Perde ile duvar ka\u011f\u0131d\u0131 se\u00e7iminde hem zarafet hem de kaliteyi bir arada ya\u015fayabilirsiniz.<\/p>\n\n\n\n<ul class=\"wp-block-list\">\n<li><strong>Kaliteli Malzeme:<\/strong> Uzun y\u0131llar dayan\u0131kl\u0131l\u0131\u011f\u0131n\u0131 koruyan, solmaya ve y\u0131pranmaya kar\u015f\u0131 diren\u00e7li y\u00fcksek kaliteli duvar k\u00e2\u011f\u0131tlar\u0131 kullan\u0131yoruz.<\/li>\n\n\n\n<li><strong>Usta \u0130\u015f\u00e7ilik:<\/strong> Alan\u0131nda deneyimli ekibimiz, en ince detaylara dikkat ederek kusursuz bir uygulama ger\u00e7ekle\u015ftirir.<\/li>\n\n\n\n<li><strong>Geni\u015f Model Se\u00e7ene\u011fi:<\/strong> Modern, klasik ve \u00f6zg\u00fcn tasar\u0131mlardan olu\u015fan geni\u015f koleksiyonumuzla her zevke uygun se\u00e7enek sunuyoruz.<\/li>\n\n\n\n<li><strong>Estetik ve \u015e\u0131kl\u0131k:<\/strong> Mek\u00e2nlar\u0131n\u0131za zarif bir dokunu\u015f katarak hem \u015f\u0131k hem de modern bir atmosfer yarat\u0131yoruz.<\/li>\n\n\n\n<li><strong>Uzun \u00d6m\u00fcrl\u00fc Kullan\u0131m:<\/strong> Do\u011fru malzeme ve titiz i\u015f\u00e7ilik sayesinde duvar k\u00e2\u011f\u0131tlar\u0131m\u0131z y\u0131llarca ilk g\u00fcnk\u00fc g\u00f6r\u00fcn\u00fcm\u00fcn\u00fc korur.<\/li>\n\n\n\n<li><strong>M\u00fc\u015fteri Memnuniyeti:<\/strong> Her projede beklentilerinizin \u00fczerinde sonu\u00e7 almay\u0131 hedefleyerek size g\u00fcven veren bir hizmet sunuyoruz.<\/li>\n<\/ul>\n\n\n\n<figure class=\"wp-block-gallery has-nested-images columns-default is-cropped wp-block-gallery-1 is-layout-flex wp-block-gallery-is-layout-flex\">\n<figure class=\"wp-block-image size-large\"><img loading=\"lazy\" decoding=\"async\" width=\"1024\" height=\"797\" data-id=\"467\" src=\"http:\/\/www.modernperde.com.tr\/wp-content\/uploads\/2025\/09\/1-1-1024x797.jpg\" alt=\"\" class=\"wp-image-467\" srcset=\"http:\/\/www.modernperde.com.tr\/wp-content\/uploads\/2025\/09\/1-1-1024x797.jpg 1024w, http:\/\/www.modernperde.com.tr\/wp-content\/uploads\/2025\/09\/1-1-300x233.jpg 300w, http:\/\/www.modernperde.com.tr\/wp-content\/uploads\/2025\/09\/1-1-768x597.jpg 768w, http:\/\/www.modernperde.com.tr\/wp-content\/uploads\/2025\/09\/1-1.jpg 1063w\" sizes=\"auto, (max-width: 1024px) 100vw, 1024px\" \/><\/figure>\n\n\n\n<figure class=\"wp-block-image size-large\"><img loading=\"lazy\" decoding=\"async\" width=\"1024\" height=\"797\" data-id=\"468\" src=\"http:\/\/www.modernperde.com.tr\/wp-content\/uploads\/2025\/09\/2-1-1024x797.jpg\" alt=\"\" class=\"wp-image-468\" srcset=\"http:\/\/www.modernperde.com.tr\/wp-content\/uploads\/2025\/09\/2-1-1024x797.jpg 1024w, http:\/\/www.modernperde.com.tr\/wp-content\/uploads\/2025\/09\/2-1-300x233.jpg 300w, http:\/\/www.modernperde.com.tr\/wp-content\/uploads\/2025\/09\/2-1-768x597.jpg 768w, http:\/\/www.modernperde.com.tr\/wp-content\/uploads\/2025\/09\/2-1.jpg 1063w\" sizes=\"auto, (max-width: 1024px) 100vw, 1024px\" \/><\/figure>\n\n\n\n<figure class=\"wp-block-image size-large\"><img loading=\"lazy\" decoding=\"async\" width=\"1024\" height=\"797\" data-id=\"469\" src=\"http:\/\/www.modernperde.com.tr\/wp-content\/uploads\/2025\/09\/3-1-1024x797.jpg\" alt=\"\" class=\"wp-image-469\" srcset=\"http:\/\/www.modernperde.com.tr\/wp-content\/uploads\/2025\/09\/3-1-1024x797.jpg 1024w, http:\/\/www.modernperde.com.tr\/wp-content\/uploads\/2025\/09\/3-1-300x233.jpg 300w, http:\/\/www.modernperde.com.tr\/wp-content\/uploads\/2025\/09\/3-1-768x597.jpg 768w, http:\/\/www.modernperde.com.tr\/wp-content\/uploads\/2025\/09\/3-1.jpg 1063w\" sizes=\"auto, (max-width: 1024px) 100vw, 1024px\" \/><\/figure>\n\n\n\n<figure class=\"wp-block-image size-large\"><img loading=\"lazy\" decoding=\"async\" width=\"1024\" height=\"797\" data-id=\"470\" src=\"http:\/\/www.modernperde.com.tr\/wp-content\/uploads\/2025\/09\/4-1-1024x797.jpg\" alt=\"\" class=\"wp-image-470\" srcset=\"http:\/\/www.modernperde.com.tr\/wp-content\/uploads\/2025\/09\/4-1-1024x797.jpg 1024w, http:\/\/www.modernperde.com.tr\/wp-content\/uploads\/2025\/09\/4-1-300x233.jpg 300w, http:\/\/www.modernperde.com.tr\/wp-content\/uploads\/2025\/09\/4-1-768x597.jpg 768w, http:\/\/www.modernperde.com.tr\/wp-content\/uploads\/2025\/09\/4-1.jpg 1063w\" sizes=\"auto, (max-width: 1024px) 100vw, 1024px\" \/><\/figure>\n\n\n\n<figure class=\"wp-block-image size-large\"><img loading=\"lazy\" decoding=\"async\" width=\"1024\" height=\"797\" data-id=\"471\" src=\"http:\/\/www.modernperde.com.tr\/wp-content\/uploads\/2025\/09\/5-1-1024x797.jpg\" alt=\"\" class=\"wp-image-471\" srcset=\"http:\/\/www.modernperde.com.tr\/wp-content\/uploads\/2025\/09\/5-1-1024x797.jpg 1024w, http:\/\/www.modernperde.com.tr\/wp-content\/uploads\/2025\/09\/5-1-300x233.jpg 300w, http:\/\/www.modernperde.com.tr\/wp-content\/uploads\/2025\/09\/5-1-768x597.jpg 768w, http:\/\/www.modernperde.com.tr\/wp-content\/uploads\/2025\/09\/5-1.jpg 1063w\" sizes=\"auto, (max-width: 1024px) 100vw, 1024px\" \/><\/figure>\n\n\n\n<figure class=\"wp-block-image size-large\"><img loading=\"lazy\" decoding=\"async\" width=\"1024\" height=\"797\" data-id=\"472\" src=\"http:\/\/www.modernperde.com.tr\/wp-content\/uploads\/2025\/09\/6-1-1024x797.jpg\" alt=\"\" class=\"wp-image-472\" srcset=\"http:\/\/www.modernperde.com.tr\/wp-content\/uploads\/2025\/09\/6-1-1024x797.jpg 1024w, http:\/\/www.modernperde.com.tr\/wp-content\/uploads\/2025\/09\/6-1-300x233.jpg 300w, http:\/\/www.modernperde.com.tr\/wp-content\/uploads\/2025\/09\/6-1-768x597.jpg 768w, http:\/\/www.modernperde.com.tr\/wp-content\/uploads\/2025\/09\/6-1.jpg 1063w\" sizes=\"auto, (max-width: 1024px) 100vw, 1024px\" \/><\/figure>\n<\/figure>\n","protected":false},"excerpt":{"rendered":"<p>Duvar Ka\u011f\u0131d\u0131&#8230; Modern Perde olarak, perde sekt\u00f6r\u00fcndeki y\u0131llard\u0131r s\u00fcregelen tecr\u00fcbemizi art\u0131k duvar ka\u011f\u0131d\u0131 uygulamalar\u0131nda da sizlerle bulu\u015fturuyoruz. Mek\u00e2nlar\u0131n\u0131za sadece \u015f\u0131kl\u0131k de\u011fil, ayn\u0131 zamanda uzun \u00f6m\u00fcrl\u00fc bir kalite katmay\u0131 hedefliyoruz. Se\u00e7ti\u011fimiz duvar ka\u011f\u0131tlar\u0131, y\u00fcksek dayan\u0131kl\u0131l\u0131\u011fa sahip, solma yapmayan, kolay temizlenebilir ve sa\u011fl\u0131\u011fa zarars\u0131z malzemelerden \u00fcretilmektedir. Usta i\u015f\u00e7ili\u011fimizle birle\u015fen bu kaliteli malzemeler, duvarlar\u0131n\u0131za estetik bir dokunu\u015f kazand\u0131r\u0131rken [&hellip;]<\/p>\n","protected":false},"author":1,"featured_media":0,"parent":0,"menu_order":0,"comment_status":"open","ping_status":"closed","template":"","meta":{"footnotes":""},"class_list":["post-431","page","type-page","status-publish","hentry"],"_links":{"self":[{"href":"http:\/\/www.modernperde.com.tr\/index.php\/wp-json\/wp\/v2\/pages\/431","targetHints":{"allow":["GET"]}}],"collection":[{"href":"http:\/\/www.modernperde.com.tr\/index.php\/wp-json\/wp\/v2\/pages"}],"about":[{"href":"http:\/\/www.modernperde.com.tr\/index.php\/wp-json\/wp\/v2\/types\/page"}],"author":[{"embeddable":true,"href":"http:\/\/www.modernperde.com.tr\/index.php\/wp-json\/wp\/v2\/users\/1"}],"replies":[{"embeddable":true,"href":"http:\/\/www.modernperde.com.tr\/index.php\/wp-json\/wp\/v2\/comments?post=431"}],"version-history":[{"count":3,"href":"http:\/\/www.modernperde.com.tr\/index.php\/wp-json\/wp\/v2\/pages\/431\/revisions"}],"predecessor-version":[{"id":473,"href":"http:\/\/www.modernperde.com.tr\/index.php\/wp-json\/wp\/v2\/pages\/431\/revisions\/473"}],"wp:attachment":[{"href":"http:\/\/www.modernperde.com.tr\/index.php\/wp-json\/wp\/v2\/media?parent=431"}],"curies":[{"name":"wp","href":"https:\/\/api.w.org\/{rel}","templated":true}]}}